 be y(-1). Let c = -4 + 9. Suppose 4*j - 25 = -3*m, -c*m = -2*j - 4 - g. What is the units digit of m?
3
Suppose 5*p = 5*b + 230, -2*p + 3*b - 28 + 118 = 0. What is the units digit of p?
8
Let d = -37 + 9. Let m = -12 - d. What is the units digit of m?
6
Let q be (-3)/6*-1*4. Suppose q*y - 28 = -2*y. Suppose 12 = -2*l - 5*n - y, -4*n - 17 = l. What is the units digit of l?
3
Suppose 2*b - 3*f - 96 = -30, 2*b + 5*f = 82. What is the tens digit of b?
3
What is the units digit of 127/3 + (-26)/(-39)?
3
Suppose 0 = 2*v - 28 + 20. Suppose -4 = -2*a - 3*w + 8, 5*a + 4*w = 23. Let n = a + v. What is the units digit of n?
7
Suppose -25 = -3*j + 5*h, -3*h = 2*j + 2*j - 14. Suppose 0 = -j*u + 2*u. Suppose -3 = 3*l + 2*w - 17, u = 3*l + 3*w - 9. What is the units digit of l?
8
Let i(x) be the first derivative of -x**3/3 - x**2/2 + 9*x - 1. Let s be i(0). Suppose m + 15 = -4*u, -m + s = -u - u. What is the units digit of m?
1
Let t(p) = -p + 12. Let x be t(5). Suppose -3*i = -4*j - 7, -7 = -2*i + x*j - 2*j. What is the units digit of -2*i - -1 - -2?
1
What is the units digit of (6/6)/(1/6)?
6
Suppose -3*v - 9 = 4*r, -r = -6*v + 2*v - 31. What is the units digit of (-171)/v - (-9)/(-21)?
4
Let w(b) = -b**3 + b + 11. Suppose 0 = -4*o + o. What is the tens digit of w(o)?
1
Let i be (-33)/6 - (-3)/6. Let p = 3 + i. What is the units digit of 5*(-2)/4*p?
5
Let z(r) = r**3 - r**2 + 5*r - 15. What is the units digit of z(7)?
4
Let n = 5 - 4. Let h = 1 + n. What is the units digit of (2 - (-5 - 0)) + h?
9
Suppose -2*q + 29 = -3*d, -3*d = -6*q + q + 95. What is the tens digit of q?
2
Suppose r + r - 4*d = 30, 0 = -4*d - 8. Let m = 39 - r. What is the tens digit of m?
2
Let c = 269 - 169. What is the hundreds digit of c?
1
Suppose -a - 3*a = 0. Suppose a = 4*w + 7 - 99. What is the units digit of w?
3
Let w(i) = -1 + 0 + 0*i - 6*i + 0. What is the units digit of w(-1)?
5
Let h(v) = 4*v**2 + 3*v - 1. Let j be h(3). Suppose 4 = -4*s + j. What is the units digit of (6/s)/((-1)/(-10))?
6
Let k(d) = -d. Suppose -3*o = -6*o + p - 17, -3*o - 37 = -5*p. Let m(n) = n**2 + 4*n - 4. Let s be m(o). What is the units digit of k(s)?
4
Let u(k) = k. Let x be u(3). Suppose 3*h - x = 2*h. Suppose 0 = 4*a - 3*v - 62, -4*a - 7*v = -h*v - 76. What is the units digit of a?
7
Let j(h) = h**3 + 4*h**2 + h. Let g be j(-3). What is the tens digit of ((-11)/(-3))/(2/g)?
1
Let t = -12 - -31. What is the tens digit of t?
1
Let j(v) = -v**3 + 7*v**2 + 7*v - 3. What is the tens digit of j(7)?
4
Let b(u) = u - 2 - 5*u - 2 - 1. What is the units digit of b(-11)?
9
Let b(f) = 6*f + 6. What is the tens digit of b(6)?
4
Suppose -3*c + 4 = -4*a, -3*c + 6 = -5*a + 1. Let k = c + 2. Suppose n = -k*n + 3. What is the units digit of n?
1
Let x be (-24)/(-14) - (-20)/70. What is the units digit of (-3)/x*(-72)/27?
4
Let n be (-1956)/(-54) + 2/(-9). What is the units digit of (-4)/(2 - 76/n)?
6
Let d(c) = c**2 + 6*c + 27. What is the hundreds digit of d(-14)?
1
Let g(b) = 2*b**3 + b**2 - 1. Let j(z) = z**2 - 8*z + 8. Let x be j(7). Let q be g(x). Suppose q*r = -3*p - 1, 2*r = 3*p - 9 + 2. What is the units digit of p?
1
Suppose 0 = -4*m + m + 2*a + 12, a - 7 = -5*m. Suppose n + m*k - 10 = k, -14 = -n + k. Let p = -6 + n. What is the units digit of p?
6
What is the hundreds digit of ((-244)/(-16))/((-1)/(-8))?
1
Suppose 2*g + 0 = 4. Suppose -2*y + 3*l = 2*y - 8, -g*y + 5*l = -4. What is the units digit of y?
2
Let o be ((-4)/(-6))/(2/12). Suppose -17 = -3*k + o. Suppose 0 = 5*z - k - 78. What is the tens digit of z?
1
Let z(w) = -12*w + 1 + 13*w**2 + 14*w + 2*w**2 + 36*w**2. What is the units digit of z(-1)?
0
Let i = -524 + 788. What is the units digit of i?
4
Let o(c) = c**2 - 3*c + 4. Let u be o(3). What is the tens digit of 4/(-16) - (-137)/u?
3
Let v(p) = 2*p**2 - 20*p - 33. Let r(m) = m**2 - 10*m - 16. Let c(s) = 5*r(s) - 2*v(s). Let t be c(11). What is the tens digit of (12/(-16))/(t/48)?
1
Let x(s) = 2*s**2 - 3*s + 5. Let j be x(-10). Let z = j + 8. What is the units digit of z/15 - 4/20?
6
Suppose 2*y + y = -m + 4, 4 = -4*y + m. Suppose -5*s + 4*u + 135 = y, 4*u + 140 = 5*s + u. What is the units digit of s?
1
Suppose 0 = n + 1 - 5. Suppose -m + n*m = -3. Let p = m + 6. What is the units digit of p?
5
Let q = -47 - -95. What is the tens digit of q?
4
What is the tens digit of (-1)/(-7) - 1383/(-21)?
6
Suppose -226 = -9*p + 296. What is the tens digit of p?
5
Suppose 4*t + 3*r = -0*t + 399, 2*t - 212 = -4*r. What is the units digit of t?
6
Let m(b) = b + 11. Let n be m(-8). Let g = 15 - 6. Suppose -n*w + 2 = -2*f - g, -2*f + 9 = w. What is the units digit of f?
2
Suppose s = -2 + 4. Suppose 0 = s*c + r - 7, 6 = 3*c - 3*r - 18. What is the units digit of c?
5
Let o(k) = k**2 + 6*k + 2. Let h be 88/(-12) - 2/(-6). What is the units digit of o(h)?
9
Let w(r) = r. Let v(j) = -2*j - 7. Let s be v(-6). Let n be w(s). Let y = 2 + n. What is the units digit of y?
7
What is the hundreds digit of 768/(-18)*(-3)/1?
1
Let v(p) = 19*p - 1. What is the units digit of v(2)?
7
Let y(d) = -d**3 - 6*d**2 - d + 6. Let n be y(-5). Let q be (-18)/n - 2/7. Suppose -2*l + q = 3*g - 2, -1 = g. What is the units digit of l?
3
Let z = -3 - 6. Let r = z - -7. What is the units digit of (-8)/(-6)*3 - r?
6
Let d(o) = o**3 - 8*o**2 + 7*o + 5. Let c be d(7). Suppose 23 + 17 = c*x. What is the units digit of x?
8
Suppose 0 = -2*s + 3*s - 11. Let r = s - 8. What is the units digit of r?
3
Let f = 3 - 3. Let p = 4 - f. Let a(m) = m + 3. What is the units digit of a(p)?
7
What is the tens digit of 50/6*5*(-2 + 5)?
2
Let u(o) = o**3 - 6*o**2 - 3*o - 10. Let l be u(7). Suppose 0 = -5*p + 7 + l. Suppose p*s = -0*s + 60. What is the units digit of s?
2
Let r = 4 + -1. Let l = 6 - r. Suppose 0 = m + l*t + 2, 2*m = -m - t + 26. What is the tens digit of m?
1
Suppose -u - 3*a - 252 = -4*u, 5*u + a - 420 = 0. What is the tens digit of u?
8
Suppose -5*p + p + 79 = -5*j, -2*p + 23 = 3*j. Suppose 0 = -4*g - 2*v + p, -3*v + 5*v + 2 = 5*g. What is the tens digit of g/4 + (-23)/(-2)?
1
Suppose -6*g + g - 45 = 0. Let p = g + 14. Suppose -p*r = 5*j - 35, 2*j = r - j - 7. What is the units digit of r?
7
Suppose 0 = 2*h - 1246 + 230. What is the tens digit of h/18 + 12/(-54)?
2
Let h be (2/3)/((-1)/(-12)). Let j be (6/4)/(2/(-4)). Let s = j + h. What is the units digit of s?
5
Let t(i) = i + 2. What is the units digit of t(5)?
7
Suppose -7*c - 20 = -11*c. What is the units digit of c?
5
Suppose 0 = 5*d - l - 106 + 33, 8 = 4*l. What is the units digit of d?
5
Suppose 0*w + 10 = -2*w, -2*a = -w - 57. Suppose 2*j - 4*h - 40 = 0, 4*j + 15 = 3*h + 75. Suppose -2*b + k - 4*k = -a, -j = -3*k. What is the units digit of b?
7
Let d(o) = 163*o**2 - 5*o - 5. What is the tens digit of d(-1)?
6
Let m = 4 + -1. Suppose -6 = -3*v - m. Let d(b) = 18*b**2 - b + 1. What is the tens digit of d(v)?
1
Suppose -4*b + 184 = -0*b. Suppose x - 5 = b. What is the units digit of x?
1
Suppose 3*i - i = 4. Suppose 0 = -4*g - 2*u - 36, 2*u + i*u = g + 18. What is the units digit of g/(-8) - (-1)/(-4)?
1
Suppose -3*s = -5*z + 71 - 13, -s - 1 = 0. What is the tens digit of z?
1
Suppose -4*t + t + 123 = 0. What is the tens digit of t?
4
Let a = -24 - -45. What is the tens digit of a?
2
Suppose 5*m - 5*c + 223 = 68, 0 = 4*c. Let k(h) = 11*h - 4. Let b be k(5). Let y = b + m. What is the tens digit of y?
2
Suppose -77 = -2*d + 1. What is the units digit of 7/14 - d/(-2)?
0
Suppose -4*x + 6 = -x. Let m = -4 + x. What is the units digit of (1/m)/(2/(-24))?
6
Suppose 3*s - 7*s + 5*r = 8, 4*s = 3*r. Suppose -5 = -s*x + 1. Let u = 7 - x. What is the units digit of u?
5
Let d = -13 + 7. Let h = 9 + d. Suppose 85 = 2*o + h*o. What is the units digit of o?
7
Let t(f) = f**3 + 6*f**2 + 6*f + 7. What is the units digit of t(-5)?
2
Let j = 8 + -6. What is the units digit of 10 + 4 + j + -2?
4
Let d be 2*(2 - 3)*-11. Suppose 0 = -i - i + d. What is the units digit of i?
1
Let v(x) = -x + 4. Suppose -3*g + 9 = 0, -2*m - 2*m = -g + 3. Let l be v(m). Let d = -2 + l. What is the units digit of d?
2
Let h(n) = n**3 + 9*n**2 + 7*n - 15. What is the tens digit of h(-7)?
3
Let l(c) = -3*c**3 + 2*c**2 + 12. What is the hundreds digit of l(-4)?
2
Let w(p) = -4 + p**3 + p**2 - 5*p**2 - 4*p**2 + 8*p + 13